{"id":339,"date":"2023-10-04T15:11:14","date_gmt":"2023-10-04T15:11:14","guid":{"rendered":"https:\/\/ilionsystems.com\/uartesep\/?page_id=339"},"modified":"2023-12-11T08:42:24","modified_gmt":"2023-12-11T13:42:24","slug":"auspicios-y-alianzas","status":"publish","type":"page","link":"https:\/\/uartesep.gob.ec\/index.php\/auspicios-y-alianzas\/","title":{"rendered":"Auspicios y Alianzas"},"content":{"rendered":"<p style=\"text-align: justify;\">En UArtes EP, creemos en el poder transformador de la cultura para fortalecer el desarrollo social y econ\u00f3mico del pa\u00eds. Al trabajar con nosotros su empresa, adem\u00e1s de aportar a la transformaci\u00f3n del pa\u00eds, se beneficia de:<\/p>\n<ul style=\"text-align: justify;\">\n<li style=\"list-style-type: none;\">\n<ul>\n<li style=\"list-style-type: none;\">\n<ul>\n<li>Deducir su impuesto a la renta: Podr\u00e1 deducir $1.50, por cada $1.00 invertido en cultura.<\/li>\n<li>Potenciar su marca: A trav\u00e9s de nuestra red y eventos culturales, su empresa tendr\u00e1 una plataforma para llegar a nuevas audiencias y fortalecer su presencia en el mercado.<\/li>\n<li>Posicionarse en la comunidad: Demuestre su compromiso con la comunidad y su entorno al apoyar iniciativas educativas, culturales y art\u00edsticas que enriquecen la vida y contribuyen al desarrollo integral de las personas.<\/li>\n<li>Innovaci\u00f3n y creatividad: El arte y la cultura es una fuente inagotable de inspiraci\u00f3n y creatividad, participar de nuestros proyectos y programas, les permitir\u00e1 a sus colaboradores tener acceso a nuevas perspectivas y formas innovadoras de abordar desaf\u00edos.<\/li>\n<\/ul>\n<\/li>\n<\/ul>\n<\/li>\n<\/ul>\n<p style=\"text-align: justify;\"><strong>C\u00f3mo puede participar: \u00a0<\/strong><\/p>\n<p style=\"text-align: justify;\">Existen diversas formas de colaborar con nosotros, desde patrocinios espec\u00edficos de eventos hasta programas de responsabilidad social empresarial dise\u00f1ados a medida. Estamos abiertos a explorar opciones que se alineen con los objetivos y valores de su empresa.<\/p>\n","protected":false},"excerpt":{"rendered":"<p>En UArtes EP, creemos en el poder transformador de la cultura para fortalecer el desarrollo social y econ\u00f3mico del pa\u00eds. Al trabajar con nosotros su empresa, adem\u00e1s de aportar a [&hellip;]<\/p>\n","protected":false},"author":1,"featured_media":0,"parent":0,"menu_order":0,"comment_status":"closed","ping_status":"closed","template":"","meta":{"site-sidebar-layout":"default","site-content-layout":"","ast-site-content-layout":"default","site-content-style":"default","site-sidebar-style":"default","ast-global-header-display":"","ast-banner-title-visibility":"","ast-main-header-display":"","ast-hfb-above-header-display":"","ast-hfb-below-header-display":"","ast-hfb-mobile-header-display":"","site-post-title":"","ast-breadcrumbs-content":"","ast-featured-img":"","footer-sml-layout":"","theme-transparent-header-meta":"default","adv-header-id-meta":"","stick-header-meta":"default","header-above-stick-meta":"","header-main-stick-meta":"","header-below-stick-meta":"","astra-migrate-meta-layouts":"set","ast-page-background-enabled":"default","ast-page-background-meta":{"desktop":{"background-color":"var(--ast-global-color-4)","background-image":"","background-repeat":"repeat","background-position":"center center","background-size":"auto","background-attachment":"scroll","background-type":"","background-media":"","overlay-type":"","overlay-color":"","overlay-opacity":"","overlay-gradient":""},"tablet":{"background-color":"","background-image":"","background-repeat":"repeat","background-position":"center center","background-size":"auto","background-attachment":"scroll","background-type":"","background-media":"","overlay-type":"","overlay-color":"","overlay-opacity":"","overlay-gradient":""},"mobile":{"background-color":"","background-image":"","background-repeat":"repeat","background-position":"center center","background-size":"auto","background-attachment":"scroll","background-type":"","background-media":"","overlay-type":"","overlay-color":"","overlay-opacity":"","overlay-gradient":""}},"ast-content-background-meta":{"desktop":{"background-color":"var(--ast-global-color-5)","background-image":"","background-repeat":"repeat","background-position":"center center","background-size":"auto","background-attachment":"scroll","background-type":"","background-media":"","overlay-type":"","overlay-color":"","overlay-opacity":"","overlay-gradient":""},"tablet":{"background-color":"var(--ast-global-color-5)","background-image":"","background-repeat":"repeat","background-position":"center center","background-size":"auto","background-attachment":"scroll","background-type":"","background-media":"","overlay-type":"","overlay-color":"","overlay-opacity":"","overlay-gradient":""},"mobile":{"background-color":"var(--ast-global-color-5)","background-image":"","background-repeat":"repeat","background-position":"center center","background-size":"auto","background-attachment":"scroll","background-type":"","background-media":"","overlay-type":"","overlay-color":"","overlay-opacity":"","overlay-gradient":""}},"footnotes":""},"class_list":["post-339","page","type-page","status-publish","hentry"],"_links":{"self":[{"href":"https:\/\/uartesep.gob.ec\/index.php\/wp-json\/wp\/v2\/pages\/339","targetHints":{"allow":["GET"]}}],"collection":[{"href":"https:\/\/uartesep.gob.ec\/index.php\/wp-json\/wp\/v2\/pages"}],"about":[{"href":"https:\/\/uartesep.gob.ec\/index.php\/wp-json\/wp\/v2\/types\/page"}],"author":[{"embeddable":true,"href":"https:\/\/uartesep.gob.ec\/index.php\/wp-json\/wp\/v2\/users\/1"}],"replies":[{"embeddable":true,"href":"https:\/\/uartesep.gob.ec\/index.php\/wp-json\/wp\/v2\/comments?post=339"}],"version-history":[{"count":6,"href":"https:\/\/uartesep.gob.ec\/index.php\/wp-json\/wp\/v2\/pages\/339\/revisions"}],"predecessor-version":[{"id":1087,"href":"https:\/\/uartesep.gob.ec\/index.php\/wp-json\/wp\/v2\/pages\/339\/revisions\/1087"}],"wp:attachment":[{"href":"https:\/\/uartesep.gob.ec\/index.php\/wp-json\/wp\/v2\/media?parent=339"}],"curies":[{"name":"wp","href":"https:\/\/api.w.org\/{rel}","templated":true}]}}