{"id":331,"date":"2023-10-04T15:09:35","date_gmt":"2023-10-04T15:09:35","guid":{"rendered":"https:\/\/ilionsystems.com\/uartesep\/?page_id=331"},"modified":"2023-12-11T08:41:52","modified_gmt":"2023-12-11T13:41:52","slug":"consultorias","status":"publish","type":"page","link":"https:\/\/uartesep.gob.ec\/index.php\/consultorias\/","title":{"rendered":"Consultor\u00edas y Proyectos"},"content":{"rendered":"<div  class=\"lgc-column lgc-grid-parent lgc-grid-50 lgc-tablet-grid-50 lgc-mobile-grid-100 lgc-equal-heights \"><div  class=\"inside-grid-column\">\n<p><img loading=\"lazy\" decoding=\"async\" class=\"aligncenter wp-image-910 size-full\" src=\"https:\/\/ilionsystems.com\/uartesep\/wp-content\/uploads\/2023\/12\/Guayaquil-a-Pie.png\" alt=\"\" width=\"222\" height=\"348\" srcset=\"https:\/\/uartesep.gob.ec\/wp-content\/uploads\/2023\/12\/Guayaquil-a-Pie.png 222w, https:\/\/uartesep.gob.ec\/wp-content\/uploads\/2023\/12\/Guayaquil-a-Pie-191x300.png 191w\" sizes=\"auto, (max-width: 222px) 100vw, 222px\" \/><\/p>\n<\/div><\/div>\n<div  class=\"lgc-column lgc-grid-parent lgc-grid-50 lgc-tablet-grid-50 lgc-mobile-grid-100 lgc-equal-heights \"><div  class=\"inside-grid-column\">\n<p style=\"text-align: justify;\">Trabajamos en el dise\u00f1o de proyectos y\u00a0consultor\u00edas,<em>\u00a0<\/em>en diversos temas, tales como: desarrollo de programas de educaci\u00f3n en artes, modelos de gesti\u00f3n y estrategias de comunicaci\u00f3n para espacios culturales, asesoramiento de emprendimientos art\u00edsticos y culturales, programaci\u00f3n para bibliotecas, galer\u00edas, centros culturales, entre otros.<\/p>\n<p style=\"text-align: justify;\">Gracias a nuestro equipo y asesores podemos ofrecer una visi\u00f3n integral y enriquecedora para abordar los desaf\u00edos que enfrentan las instituciones p\u00fablicas y privadas en el campo cultural.<\/p>\n<\/div><\/div>\n","protected":false},"excerpt":{"rendered":"Trabajamos en el dise\u00f1o de proyectos y\u00a0consultor\u00edas,\u00a0en diversos temas, tales como: desarrollo de programas de educaci\u00f3n en artes, modelos de gesti\u00f3n y estrategias de comunicaci\u00f3n para espacios culturales, asesoramiento de [...]","protected":false},"author":1,"featured_media":687,"parent":0,"menu_order":0,"comment_status":"closed","ping_status":"closed","template":"","meta":{"site-sidebar-layout":"default","site-content-layout":"","ast-site-content-layout":"default","site-content-style":"default","site-sidebar-style":"default","ast-global-header-display":"","ast-banner-title-visibility":"","ast-main-header-display":"","ast-hfb-above-header-display":"","ast-hfb-below-header-display":"","ast-hfb-mobile-header-display":"","site-post-title":"","ast-breadcrumbs-content":"","ast-featured-img":"","footer-sml-layout":"","theme-transparent-header-meta":"default","adv-header-id-meta":"","stick-header-meta":"default","header-above-stick-meta":"","header-main-stick-meta":"","header-below-stick-meta":"","astra-migrate-meta-layouts":"set","ast-page-background-enabled":"default","ast-page-background-meta":{"desktop":{"background-color":"var(--ast-global-color-4)","background-image":"","background-repeat":"repeat","background-position":"center center","background-size":"auto","background-attachment":"scroll","background-type":"","background-media":"","overlay-type":"","overlay-color":"","overlay-opacity":"","overlay-gradient":""},"tablet":{"background-color":"","background-image":"","background-repeat":"repeat","background-position":"center center","background-size":"auto","background-attachment":"scroll","background-type":"","background-media":"","overlay-type":"","overlay-color":"","overlay-opacity":"","overlay-gradient":""},"mobile":{"background-color":"","background-image":"","background-repeat":"repeat","background-position":"center center","background-size":"auto","background-attachment":"scroll","background-type":"","background-media":"","overlay-type":"","overlay-color":"","overlay-opacity":"","overlay-gradient":""}},"ast-content-background-meta":{"desktop":{"background-color":"var(--ast-global-color-5)","background-image":"","background-repeat":"repeat","background-position":"center center","background-size":"auto","background-attachment":"scroll","background-type":"","background-media":"","overlay-type":"","overlay-color":"","overlay-opacity":"","overlay-gradient":""},"tablet":{"background-color":"var(--ast-global-color-5)","background-image":"","background-repeat":"repeat","background-position":"center center","background-size":"auto","background-attachment":"scroll","background-type":"","background-media":"","overlay-type":"","overlay-color":"","overlay-opacity":"","overlay-gradient":""},"mobile":{"background-color":"var(--ast-global-color-5)","background-image":"","background-repeat":"repeat","background-position":"center center","background-size":"auto","background-attachment":"scroll","background-type":"","background-media":"","overlay-type":"","overlay-color":"","overlay-opacity":"","overlay-gradient":""}},"footnotes":""},"class_list":["post-331","page","type-page","status-publish","has-post-thumbnail","hentry"],"_links":{"self":[{"href":"https:\/\/uartesep.gob.ec\/index.php\/wp-json\/wp\/v2\/pages\/331","targetHints":{"allow":["GET"]}}],"collection":[{"href":"https:\/\/uartesep.gob.ec\/index.php\/wp-json\/wp\/v2\/pages"}],"about":[{"href":"https:\/\/uartesep.gob.ec\/index.php\/wp-json\/wp\/v2\/types\/page"}],"author":[{"embeddable":true,"href":"https:\/\/uartesep.gob.ec\/index.php\/wp-json\/wp\/v2\/users\/1"}],"replies":[{"embeddable":true,"href":"https:\/\/uartesep.gob.ec\/index.php\/wp-json\/wp\/v2\/comments?post=331"}],"version-history":[{"count":10,"href":"https:\/\/uartesep.gob.ec\/index.php\/wp-json\/wp\/v2\/pages\/331\/revisions"}],"predecessor-version":[{"id":1086,"href":"https:\/\/uartesep.gob.ec\/index.php\/wp-json\/wp\/v2\/pages\/331\/revisions\/1086"}],"wp:featuredmedia":[{"embeddable":true,"href":"https:\/\/uartesep.gob.ec\/index.php\/wp-json\/wp\/v2\/media\/687"}],"wp:attachment":[{"href":"https:\/\/uartesep.gob.ec\/index.php\/wp-json\/wp\/v2\/media?parent=331"}],"curies":[{"name":"wp","href":"https:\/\/api.w.org\/{rel}","templated":true}]}}