{"id":327,"date":"2023-10-04T15:08:46","date_gmt":"2023-10-04T15:08:46","guid":{"rendered":"https:\/\/ilionsystems.com\/uartesep\/?page_id=327"},"modified":"2023-12-20T10:29:46","modified_gmt":"2023-12-20T15:29:46","slug":"capacitaciones","status":"publish","type":"page","link":"https:\/\/uartesep.gob.ec\/index.php\/capacitaciones\/","title":{"rendered":"Capacitaciones"},"content":{"rendered":"<div  class=\"lgc-column lgc-grid-parent lgc-grid-50 lgc-tablet-grid-50 lgc-mobile-grid-100 lgc-equal-heights \"><div  class=\"inside-grid-column\">\n<p><img loading=\"lazy\" decoding=\"async\" class=\"alignnone wp-image-909 \" src=\"https:\/\/ilionsystems.com\/uartesep\/wp-content\/uploads\/2023\/12\/WhatsApp-Image-2023-12-04-at-15.02.32.jpeg\" alt=\"\" width=\"558\" height=\"419\" srcset=\"https:\/\/uartesep.gob.ec\/wp-content\/uploads\/2023\/12\/WhatsApp-Image-2023-12-04-at-15.02.32.jpeg 1024w, https:\/\/uartesep.gob.ec\/wp-content\/uploads\/2023\/12\/WhatsApp-Image-2023-12-04-at-15.02.32-300x225.jpeg 300w, https:\/\/uartesep.gob.ec\/wp-content\/uploads\/2023\/12\/WhatsApp-Image-2023-12-04-at-15.02.32-768x576.jpeg 768w, https:\/\/uartesep.gob.ec\/wp-content\/uploads\/2023\/12\/WhatsApp-Image-2023-12-04-at-15.02.32-600x450.jpeg 600w\" sizes=\"auto, (max-width: 558px) 100vw, 558px\" \/><\/p>\n<\/div><\/div>\n<div  class=\"lgc-column lgc-grid-parent lgc-grid-50 lgc-tablet-grid-50 lgc-mobile-grid-100 lgc-equal-heights \"><div  class=\"inside-grid-column\">\n<p style=\"text-align: justify;\">La Empresa P\u00fablica de la Universidad de las Artes, dise\u00f1a capacitaciones dirigidas a instituciones p\u00fablicas y privadas como museos, empresas, gobiernos aut\u00f3nomos descentralizados, galer\u00edas, instituciones educativas, entre otros.<br \/>\nNuestras capacitaciones ofrecen un enfoque transversal que incluye una amplia gama de \u00e1reas relacionadas con el arte, con objetivos que apuntan al manejo de estr\u00e9s y ansiedad, la expresi\u00f3n oral y corporal, y la creatividad e innovaci\u00f3n. De esta forma, el arte emerge, adem\u00e1s, a manera de una plataforma para abordar cuestiones complejas como la discriminaci\u00f3n, la seguridad, el <em>bullying<\/em>, los Derechos Humanos y temas afines.<\/p>\n<p style=\"text-align: justify;\">Nuestra oferta de <em>Cursos y Talleres<\/em> est\u00e1 cuidadosamente dise\u00f1ada para abarcar distintas disciplinas art\u00edsticas y \u00e1reas relacionadas con la cultura. Ya sea que desees perfeccionar tus habilidades blandas con el aproximamiento a pr\u00e1cticas art\u00edsticas o explorar tu creatividad con nuestros diferentes talleres, nuestros expertos docentes te guiar\u00e1n en cada paso del camino para que el p\u00fablico general pueda explorar su potencial art\u00edstico.<\/p>\n<\/div><\/div>\n","protected":false},"excerpt":{"rendered":"La Empresa P\u00fablica de la Universidad de las Artes, dise\u00f1a capacitaciones dirigidas a instituciones p\u00fablicas y privadas como museos, empresas, gobiernos aut\u00f3nomos descentralizados, galer\u00edas, instituciones educativas, entre otros. Nuestras capacitaciones [...]","protected":false},"author":1,"featured_media":909,"parent":0,"menu_order":0,"comment_status":"closed","ping_status":"closed","template":"","meta":{"site-sidebar-layout":"default","site-content-layout":"","ast-site-content-layout":"default","site-content-style":"default","site-sidebar-style":"default","ast-global-header-display":"","ast-banner-title-visibility":"","ast-main-header-display":"","ast-hfb-above-header-display":"","ast-hfb-below-header-display":"","ast-hfb-mobile-header-display":"","site-post-title":"","ast-breadcrumbs-content":"","ast-featured-img":"","footer-sml-layout":"","theme-transparent-header-meta":"default","adv-header-id-meta":"","stick-header-meta":"default","header-above-stick-meta":"","header-main-stick-meta":"","header-below-stick-meta":"","astra-migrate-meta-layouts":"set","ast-page-background-enabled":"default","ast-page-background-meta":{"desktop":{"background-color":"var(--ast-global-color-4)","background-image":"","background-repeat":"repeat","background-position":"center center","background-size":"auto","background-attachment":"scroll","background-type":"","background-media":"","overlay-type":"","overlay-color":"","overlay-opacity":"","overlay-gradient":""},"tablet":{"background-color":"","background-image":"","background-repeat":"repeat","background-position":"center center","background-size":"auto","background-attachment":"scroll","background-type":"","background-media":"","overlay-type":"","overlay-color":"","overlay-opacity":"","overlay-gradient":""},"mobile":{"background-color":"","background-image":"","background-repeat":"repeat","background-position":"center center","background-size":"auto","background-attachment":"scroll","background-type":"","background-media":"","overlay-type":"","overlay-color":"","overlay-opacity":"","overlay-gradient":""}},"ast-content-background-meta":{"desktop":{"background-color":"var(--ast-global-color-5)","background-image":"","background-repeat":"repeat","background-position":"center center","background-size":"auto","background-attachment":"scroll","background-type":"","background-media":"","overlay-type":"","overlay-color":"","overlay-opacity":"","overlay-gradient":""},"tablet":{"background-color":"var(--ast-global-color-5)","background-image":"","background-repeat":"repeat","background-position":"center center","background-size":"auto","background-attachment":"scroll","background-type":"","background-media":"","overlay-type":"","overlay-color":"","overlay-opacity":"","overlay-gradient":""},"mobile":{"background-color":"var(--ast-global-color-5)","background-image":"","background-repeat":"repeat","background-position":"center center","background-size":"auto","background-attachment":"scroll","background-type":"","background-media":"","overlay-type":"","overlay-color":"","overlay-opacity":"","overlay-gradient":""}},"footnotes":""},"class_list":["post-327","page","type-page","status-publish","has-post-thumbnail","hentry"],"_links":{"self":[{"href":"https:\/\/uartesep.gob.ec\/index.php\/wp-json\/wp\/v2\/pages\/327","targetHints":{"allow":["GET"]}}],"collection":[{"href":"https:\/\/uartesep.gob.ec\/index.php\/wp-json\/wp\/v2\/pages"}],"about":[{"href":"https:\/\/uartesep.gob.ec\/index.php\/wp-json\/wp\/v2\/types\/page"}],"author":[{"embeddable":true,"href":"https:\/\/uartesep.gob.ec\/index.php\/wp-json\/wp\/v2\/users\/1"}],"replies":[{"embeddable":true,"href":"https:\/\/uartesep.gob.ec\/index.php\/wp-json\/wp\/v2\/comments?post=327"}],"version-history":[{"count":19,"href":"https:\/\/uartesep.gob.ec\/index.php\/wp-json\/wp\/v2\/pages\/327\/revisions"}],"predecessor-version":[{"id":1148,"href":"https:\/\/uartesep.gob.ec\/index.php\/wp-json\/wp\/v2\/pages\/327\/revisions\/1148"}],"wp:featuredmedia":[{"embeddable":true,"href":"https:\/\/uartesep.gob.ec\/index.php\/wp-json\/wp\/v2\/media\/909"}],"wp:attachment":[{"href":"https:\/\/uartesep.gob.ec\/index.php\/wp-json\/wp\/v2\/media?parent=327"}],"curies":[{"name":"wp","href":"https:\/\/api.w.org\/{rel}","templated":true}]}}